{"id":4299,"date":"2022-04-21T05:02:03","date_gmt":"2022-04-21T05:02:03","guid":{"rendered":"https:\/\/ladental.com.ar\/?post_type=mec-events&#038;p=4299"},"modified":"2022-04-21T05:02:03","modified_gmt":"2022-04-21T05:02:03","slug":"curso-retratamiento-en-la-clinica-diaria","status":"publish","type":"mec-events","link":"https:\/\/ladental.com.ar\/en\/cursos\/curso-retratamiento-en-la-clinica-diaria\/","title":{"rendered":"Curso Retratamiento en la Cl\u00ednica Diaria"},"content":{"rendered":"<p>Nueva edici\u00f3n       \u00ed  con el Od. Carlos Garcia Puente y el Od. Alejandro Jaime.<\/p>\n<p>\u00bfQuer\u00e9s estar presente en la pr\u00f3xima edici\u00f3n?. Ser\u00e1 el d\u00eda   . Te compartimos el temario del curso para que est\u00e9s al tanto de todo<\/p>\n<p> TEMARIO:<br \/>\n\u00c9xitos y Fracasos<br \/>\nDiagnostico en Retratamiento<br \/>\nEstrategia y planificaci\u00f3n.<br \/>\nAcceso cameral<br \/>\nRectificaci\u00f3n<br \/>\nConductos omitidos<br \/>\nUltrasonido<br \/>\nAcceso cervical<br \/>\nPernos y Postes<br \/>\nReconformaci\u00f3n y correcci\u00f3n de escalones<br \/>\nRetiro de Gutapercha. Diferentes m\u00e9todos.<br \/>\nAcceso apical<br \/>\nPermeabilizaci\u00f3n mec\u00e1nica o qu\u00edmica de gutapercha.<br \/>\nDetecci\u00f3n, pasaje y liberaci\u00f3n de escalones.<br \/>\nPermeabilizaci\u00f3n apical \u2013 Conductometr\u00eda<br \/>\nGlide path<br \/>\nRe conformaci\u00f3n final<br \/>\nLimpieza, tratamiento final de residuos, decontaminaci\u00f3n<\/p>\n<p>Obturaci\u00f3n \u201cLa nueva cavidad endod\u00f3ntica\u201d<br \/>\nConicidad. Calibre<br \/>\nForamen alterado.<br \/>\nBy pass de instrumentos fracturados<br \/>\nBiocer\u00e1micos en retratamiento<br \/>\nStop apical<\/p>","protected":false},"excerpt":{"rendered":"<p>Nueva edici\u00f3n \u00ed con el Od. Carlos Garcia Puente y el Od. Alejandro Jaime. \u00bfQuer\u00e9s estar presente en la pr\u00f3xima edici\u00f3n?. Ser\u00e1 el d\u00eda . Te compartimos el temario del curso para que est\u00e9s al tanto de todo TEMARIO: \u00c9xitos y Fracasos Diagnostico en Retratamiento Estrategia y planificaci\u00f3n. Acceso cameral Rectificaci\u00f3n Conductos omitidos Ultrasonido Acceso [&hellip;]<\/p>\n","protected":false},"author":2,"featured_media":4301,"comment_status":"closed","ping_status":"closed","template":"","tags":[117,118],"mec_category":[107],"class_list":["post-4299","mec-events","type-mec-events","status-publish","has-post-thumbnail","hentry","tag-cursos","tag-retra","mec_category-curso"],"yoast_head":"<!-- This site is optimized with the Yoast SEO plugin v27.4 - https:\/\/yoast.com\/product\/yoast-seo-wordpress\/ -->\n<title>Curso Retratamiento en la Cl\u00ednica Diaria - LA DENTAL<\/title>\n<meta name=\"robots\" content=\"noindex, follow\" \/>\n<meta property=\"og:locale\" content=\"en_GB\" \/>\n<meta property=\"og:type\" content=\"article\" \/>\n<meta property=\"og:title\" content=\"Curso Retratamiento en la Cl\u00ednica Diaria - LA DENTAL\" \/>\n<meta property=\"og:description\" content=\"Nueva edici\u00f3n \u00ed con el Od. Carlos Garcia Puente y el Od. Alejandro Jaime. \u00bfQuer\u00e9s estar presente en la pr\u00f3xima edici\u00f3n?. Ser\u00e1 el d\u00eda . Te compartimos el temario del curso para que est\u00e9s al tanto de todo TEMARIO: \u00c9xitos y Fracasos Diagnostico en Retratamiento Estrategia y planificaci\u00f3n. Acceso cameral Rectificaci\u00f3n Conductos omitidos Ultrasonido Acceso [&hellip;]\" \/>\n<meta property=\"og:url\" content=\"http:\/\/ladental.com.ar\/en\/cursos\/curso-retratamiento-en-la-clinica-diaria\/\" \/>\n<meta property=\"og:site_name\" content=\"LA DENTAL\" \/>\n<meta property=\"og:image\" content=\"http:\/\/ladental.com.ar\/wp-content\/uploads\/2022\/04\/IG-Post-2.jpg\" \/>\n\t<meta property=\"og:image:width\" content=\"1080\" \/>\n\t<meta property=\"og:image:height\" content=\"1350\" \/>\n\t<meta property=\"og:image:type\" content=\"image\/jpeg\" \/>\n<meta name=\"twitter:card\" content=\"summary_large_image\" \/>\n<meta name=\"twitter:label1\" content=\"Estimated reading time\" \/>\n\t<meta name=\"twitter:data1\" content=\"1 minute\" \/>\n<script type=\"application\/ld+json\" class=\"yoast-schema-graph\">{\"@context\":\"https:\\\/\\\/schema.org\",\"@graph\":[{\"@type\":\"WebPage\",\"@id\":\"http:\\\/\\\/ladental.com.ar\\\/en\\\/cursos\\\/curso-retratamiento-en-la-clinica-diaria\\\/\",\"url\":\"http:\\\/\\\/ladental.com.ar\\\/en\\\/cursos\\\/curso-retratamiento-en-la-clinica-diaria\\\/\",\"name\":\"Curso Retratamiento en la Cl\u00ednica Diaria - LA DENTAL\",\"isPartOf\":{\"@id\":\"http:\\\/\\\/ladental.com.ar\\\/#website\"},\"primaryImageOfPage\":{\"@id\":\"http:\\\/\\\/ladental.com.ar\\\/en\\\/cursos\\\/curso-retratamiento-en-la-clinica-diaria\\\/#primaryimage\"},\"image\":{\"@id\":\"http:\\\/\\\/ladental.com.ar\\\/en\\\/cursos\\\/curso-retratamiento-en-la-clinica-diaria\\\/#primaryimage\"},\"thumbnailUrl\":\"https:\\\/\\\/ladental.com.ar\\\/wp-content\\\/uploads\\\/2022\\\/04\\\/IG-Post-2.jpg\",\"datePublished\":\"2022-04-21T05:02:03+00:00\",\"breadcrumb\":{\"@id\":\"http:\\\/\\\/ladental.com.ar\\\/en\\\/cursos\\\/curso-retratamiento-en-la-clinica-diaria\\\/#breadcrumb\"},\"inLanguage\":\"en-GB\",\"potentialAction\":[{\"@type\":\"ReadAction\",\"target\":[\"http:\\\/\\\/ladental.com.ar\\\/en\\\/cursos\\\/curso-retratamiento-en-la-clinica-diaria\\\/\"]}]},{\"@type\":\"ImageObject\",\"inLanguage\":\"en-GB\",\"@id\":\"http:\\\/\\\/ladental.com.ar\\\/en\\\/cursos\\\/curso-retratamiento-en-la-clinica-diaria\\\/#primaryimage\",\"url\":\"https:\\\/\\\/ladental.com.ar\\\/wp-content\\\/uploads\\\/2022\\\/04\\\/IG-Post-2.jpg\",\"contentUrl\":\"https:\\\/\\\/ladental.com.ar\\\/wp-content\\\/uploads\\\/2022\\\/04\\\/IG-Post-2.jpg\",\"width\":1080,\"height\":1350,\"caption\":\"ladentalsrl\"},{\"@type\":\"BreadcrumbList\",\"@id\":\"http:\\\/\\\/ladental.com.ar\\\/en\\\/cursos\\\/curso-retratamiento-en-la-clinica-diaria\\\/#breadcrumb\",\"itemListElement\":[{\"@type\":\"ListItem\",\"position\":1,\"name\":\"Portada\",\"item\":\"http:\\\/\\\/ladental.com.ar\\\/\"},{\"@type\":\"ListItem\",\"position\":2,\"name\":\"Events\",\"item\":\"https:\\\/\\\/ladental.com.ar\\\/en\\\/cursos\\\/\"},{\"@type\":\"ListItem\",\"position\":3,\"name\":\"Curso Retratamiento en la Cl\u00ednica Diaria\"}]},{\"@type\":\"WebSite\",\"@id\":\"http:\\\/\\\/ladental.com.ar\\\/#website\",\"url\":\"http:\\\/\\\/ladental.com.ar\\\/\",\"name\":\"LA DENTAL\",\"description\":\"TECNOLOG\u00cdA EN INSUMOS ODONTOL\u00d3GICOS\",\"publisher\":{\"@id\":\"http:\\\/\\\/ladental.com.ar\\\/#organization\"},\"potentialAction\":[{\"@type\":\"SearchAction\",\"target\":{\"@type\":\"EntryPoint\",\"urlTemplate\":\"http:\\\/\\\/ladental.com.ar\\\/?s={search_term_string}\"},\"query-input\":{\"@type\":\"PropertyValueSpecification\",\"valueRequired\":true,\"valueName\":\"search_term_string\"}}],\"inLanguage\":\"en-GB\"},{\"@type\":\"Organization\",\"@id\":\"http:\\\/\\\/ladental.com.ar\\\/#organization\",\"name\":\"LA DENTAL SRL\",\"url\":\"http:\\\/\\\/ladental.com.ar\\\/\",\"logo\":{\"@type\":\"ImageObject\",\"inLanguage\":\"en-GB\",\"@id\":\"http:\\\/\\\/ladental.com.ar\\\/#\\\/schema\\\/logo\\\/image\\\/\",\"url\":\"https:\\\/\\\/ladental.com.ar\\\/wp-content\\\/uploads\\\/2021\\\/10\\\/logocolor.png\",\"contentUrl\":\"https:\\\/\\\/ladental.com.ar\\\/wp-content\\\/uploads\\\/2021\\\/10\\\/logocolor.png\",\"width\":1276,\"height\":829,\"caption\":\"LA DENTAL SRL\"},\"image\":{\"@id\":\"http:\\\/\\\/ladental.com.ar\\\/#\\\/schema\\\/logo\\\/image\\\/\"}}]}<\/script>\n<!-- \/ Yoast SEO plugin. -->","yoast_head_json":{"title":"Curso Retratamiento en la Cl\u00ednica Diaria - LA DENTAL","robots":{"index":"noindex","follow":"follow"},"og_locale":"en_GB","og_type":"article","og_title":"Curso Retratamiento en la Cl\u00ednica Diaria - LA DENTAL","og_description":"Nueva edici\u00f3n \u00ed con el Od. Carlos Garcia Puente y el Od. Alejandro Jaime. \u00bfQuer\u00e9s estar presente en la pr\u00f3xima edici\u00f3n?. Ser\u00e1 el d\u00eda . Te compartimos el temario del curso para que est\u00e9s al tanto de todo TEMARIO: \u00c9xitos y Fracasos Diagnostico en Retratamiento Estrategia y planificaci\u00f3n. Acceso cameral Rectificaci\u00f3n Conductos omitidos Ultrasonido Acceso [&hellip;]","og_url":"http:\/\/ladental.com.ar\/en\/cursos\/curso-retratamiento-en-la-clinica-diaria\/","og_site_name":"LA DENTAL","og_image":[{"width":1080,"height":1350,"url":"http:\/\/ladental.com.ar\/wp-content\/uploads\/2022\/04\/IG-Post-2.jpg","type":"image\/jpeg"}],"twitter_card":"summary_large_image","twitter_misc":{"Estimated reading time":"1 minute"},"schema":{"@context":"https:\/\/schema.org","@graph":[{"@type":"WebPage","@id":"http:\/\/ladental.com.ar\/en\/cursos\/curso-retratamiento-en-la-clinica-diaria\/","url":"http:\/\/ladental.com.ar\/en\/cursos\/curso-retratamiento-en-la-clinica-diaria\/","name":"Curso Retratamiento en la Cl\u00ednica Diaria - LA DENTAL","isPartOf":{"@id":"http:\/\/ladental.com.ar\/#website"},"primaryImageOfPage":{"@id":"http:\/\/ladental.com.ar\/en\/cursos\/curso-retratamiento-en-la-clinica-diaria\/#primaryimage"},"image":{"@id":"http:\/\/ladental.com.ar\/en\/cursos\/curso-retratamiento-en-la-clinica-diaria\/#primaryimage"},"thumbnailUrl":"https:\/\/ladental.com.ar\/wp-content\/uploads\/2022\/04\/IG-Post-2.jpg","datePublished":"2022-04-21T05:02:03+00:00","breadcrumb":{"@id":"http:\/\/ladental.com.ar\/en\/cursos\/curso-retratamiento-en-la-clinica-diaria\/#breadcrumb"},"inLanguage":"en-GB","potentialAction":[{"@type":"ReadAction","target":["http:\/\/ladental.com.ar\/en\/cursos\/curso-retratamiento-en-la-clinica-diaria\/"]}]},{"@type":"ImageObject","inLanguage":"en-GB","@id":"http:\/\/ladental.com.ar\/en\/cursos\/curso-retratamiento-en-la-clinica-diaria\/#primaryimage","url":"https:\/\/ladental.com.ar\/wp-content\/uploads\/2022\/04\/IG-Post-2.jpg","contentUrl":"https:\/\/ladental.com.ar\/wp-content\/uploads\/2022\/04\/IG-Post-2.jpg","width":1080,"height":1350,"caption":"ladentalsrl"},{"@type":"BreadcrumbList","@id":"http:\/\/ladental.com.ar\/en\/cursos\/curso-retratamiento-en-la-clinica-diaria\/#breadcrumb","itemListElement":[{"@type":"ListItem","position":1,"name":"Portada","item":"http:\/\/ladental.com.ar\/"},{"@type":"ListItem","position":2,"name":"Events","item":"https:\/\/ladental.com.ar\/en\/cursos\/"},{"@type":"ListItem","position":3,"name":"Curso Retratamiento en la Cl\u00ednica Diaria"}]},{"@type":"WebSite","@id":"http:\/\/ladental.com.ar\/#website","url":"http:\/\/ladental.com.ar\/","name":"LA DENTAL","description":"TECHNOLOGY IN DENTAL PRODUCTS","publisher":{"@id":"http:\/\/ladental.com.ar\/#organization"},"potentialAction":[{"@type":"SearchAction","target":{"@type":"EntryPoint","urlTemplate":"http:\/\/ladental.com.ar\/?s={search_term_string}"},"query-input":{"@type":"PropertyValueSpecification","valueRequired":true,"valueName":"search_term_string"}}],"inLanguage":"en-GB"},{"@type":"Organization","@id":"http:\/\/ladental.com.ar\/#organization","name":"LA DENTAL SRL","url":"http:\/\/ladental.com.ar\/","logo":{"@type":"ImageObject","inLanguage":"en-GB","@id":"http:\/\/ladental.com.ar\/#\/schema\/logo\/image\/","url":"https:\/\/ladental.com.ar\/wp-content\/uploads\/2021\/10\/logocolor.png","contentUrl":"https:\/\/ladental.com.ar\/wp-content\/uploads\/2021\/10\/logocolor.png","width":1276,"height":829,"caption":"LA DENTAL SRL"},"image":{"@id":"http:\/\/ladental.com.ar\/#\/schema\/logo\/image\/"}}]}},"_links":{"self":[{"href":"https:\/\/ladental.com.ar\/en\/wp-json\/wp\/v2\/mec-events\/4299","targetHints":{"allow":["GET"]}}],"collection":[{"href":"https:\/\/ladental.com.ar\/en\/wp-json\/wp\/v2\/mec-events"}],"about":[{"href":"https:\/\/ladental.com.ar\/en\/wp-json\/wp\/v2\/types\/mec-events"}],"author":[{"embeddable":true,"href":"https:\/\/ladental.com.ar\/en\/wp-json\/wp\/v2\/users\/2"}],"replies":[{"embeddable":true,"href":"https:\/\/ladental.com.ar\/en\/wp-json\/wp\/v2\/comments?post=4299"}],"wp:featuredmedia":[{"embeddable":true,"href":"https:\/\/ladental.com.ar\/en\/wp-json\/wp\/v2\/media\/4301"}],"wp:attachment":[{"href":"https:\/\/ladental.com.ar\/en\/wp-json\/wp\/v2\/media?parent=4299"}],"wp:term":[{"taxonomy":"post_tag","embeddable":true,"href":"https:\/\/ladental.com.ar\/en\/wp-json\/wp\/v2\/tags?post=4299"},{"taxonomy":"mec_category","embeddable":true,"href":"https:\/\/ladental.com.ar\/en\/wp-json\/wp\/v2\/mec_category?post=4299"}],"curies":[{"name":"wp","href":"https:\/\/api.w.org\/{rel}","templated":true}]}}

Curso Retratamiento en la Clínica Diaria

<p>Nueva edición       í  con el Od. Carlos Garcia Puente y el Od. Alejandro Jaime.</p>
<p>¿Querés estar presente en la próxima edición?. Será el día   . Te compartimos el temario del curso para que estés al tanto de todo</p>
<p> TEMARIO:<br />
Éxitos y Fracasos<br />
Diagnostico en Retratamiento<br />
Estrategia y planificación.<br />
Acceso cameral<br />
Rectificación<br />
Conductos omitidos<br />
Ultrasonido<br />
Acceso cervical<br />
Pernos y Postes<br />
Reconformación y corrección de escalones<br />
Retiro de Gutapercha. Diferentes métodos.<br />
Acceso apical<br />
Permeabilización mecánica o química de gutapercha.<br />
Detección, pasaje y liberación de escalones.<br />
Permeabilización apical – Conductometría<br />
Glide path<br />
Re conformación final<br />
Limpieza, tratamiento final de residuos, decontaminación</p>
<p>Obturación “La nueva cavidad endodóntica”<br />
Conicidad. Calibre<br />
Foramen alterado.<br />
By pass de instrumentos fracturados<br />
Biocerámicos en retratamiento<br />
Stop apical</p>

<p>Nueva edición í con el Od. Carlos Garcia Puente y el Od. Alejandro Jaime. ¿Querés estar presente en la próxima edición?. Será el día . Te compartimos el temario del curso para que estés al tanto de todo TEMARIO: Éxitos y Fracasos Diagnostico en Retratamiento Estrategia y planificación. Acceso cameral Rectificación Conductos omitidos Ultrasonido Acceso [&hellip;]</p>

<!-- This site is optimized with the Yoast SEO plugin v27.4 - https://yoast.com/product/yoast-seo-wordpress/ -->
<title>Curso Retratamiento en la Clínica Diaria - LA DENTAL</title>
<meta name="robots" content="noindex, follow" />
<meta property="og:locale" content="en_GB" />
<meta property="og:type" content="article" />
<meta property="og:title" content="Curso Retratamiento en la Clínica Diaria - LA DENTAL" />
<meta property="og:description" content="Nueva edición í con el Od. Carlos Garcia Puente y el Od. Alejandro Jaime. ¿Querés estar presente en la próxima edición?. Será el día . Te compartimos el temario del curso para que estés al tanto de todo TEMARIO: Éxitos y Fracasos Diagnostico en Retratamiento Estrategia y planificación. Acceso cameral Rectificación Conductos omitidos Ultrasonido Acceso [&hellip;]" />
<meta property="og:url" content="http://ladental.com.ar/en/cursos/curso-retratamiento-en-la-clinica-diaria/" />
<meta property="og:site_name" content="LA DENTAL" />
<meta property="og:image" content="http://ladental.com.ar/wp-content/uploads/2022/04/IG-Post-2.jpg" />
	<meta property="og:image:width" content="1080" />
	<meta property="og:image:height" content="1350" />
	<meta property="og:image:type" content="image/jpeg" />
<meta name="twitter:card" content="summary_large_image" />
<meta name="twitter:label1" content="Estimated reading time" />
	<meta name="twitter:data1" content="1 minute" />
<script type="application/ld+json" class="yoast-schema-graph">{"@context":"https:\/\/schema.org","@graph":[{"@type":"WebPage","@id":"http:\/\/ladental.com.ar\/en\/cursos\/curso-retratamiento-en-la-clinica-diaria\/","url":"http:\/\/ladental.com.ar\/en\/cursos\/curso-retratamiento-en-la-clinica-diaria\/","name":"Curso Retratamiento en la Clínica Diaria - LA DENTAL","isPartOf":{"@id":"http:\/\/ladental.com.ar\/#website"},"primaryImageOfPage":{"@id":"http:\/\/ladental.com.ar\/en\/cursos\/curso-retratamiento-en-la-clinica-diaria\/#primaryimage"},"image":{"@id":"http:\/\/ladental.com.ar\/en\/cursos\/curso-retratamiento-en-la-clinica-diaria\/#primaryimage"},"thumbnailUrl":"https:\/\/ladental.com.ar\/wp-content\/uploads\/2022\/04\/IG-Post-2.jpg","datePublished":"2022-04-21T05:02:03+00:00","breadcrumb":{"@id":"http:\/\/ladental.com.ar\/en\/cursos\/curso-retratamiento-en-la-clinica-diaria\/#breadcrumb"},"inLanguage":"en-GB","potentialAction":[{"@type":"ReadAction","target":["http:\/\/ladental.com.ar\/en\/cursos\/curso-retratamiento-en-la-clinica-diaria\/"]}]},{"@type":"ImageObject","inLanguage":"en-GB","@id":"http:\/\/ladental.com.ar\/en\/cursos\/curso-retratamiento-en-la-clinica-diaria\/#primaryimage","url":"https:\/\/ladental.com.ar\/wp-content\/uploads\/2022\/04\/IG-Post-2.jpg","contentUrl":"https:\/\/ladental.com.ar\/wp-content\/uploads\/2022\/04\/IG-Post-2.jpg","width":1080,"height":1350,"caption":"ladentalsrl"},{"@type":"BreadcrumbList","@id":"http:\/\/ladental.com.ar\/en\/cursos\/curso-retratamiento-en-la-clinica-diaria\/#breadcrumb","itemListElement":[{"@type":"ListItem","position":1,"name":"Portada","item":"http:\/\/ladental.com.ar\/"},{"@type":"ListItem","position":2,"name":"Events","item":"https:\/\/ladental.com.ar\/en\/cursos\/"},{"@type":"ListItem","position":3,"name":"Curso Retratamiento en la Clínica Diaria"}]},{"@type":"WebSite","@id":"http:\/\/ladental.com.ar\/#website","url":"http:\/\/ladental.com.ar\/","name":"LA DENTAL","description":"TECNOLOGÍA EN INSUMOS ODONTOLÓGICOS","publisher":{"@id":"http:\/\/ladental.com.ar\/#organization"},"potentialAction":[{"@type":"SearchAction","target":{"@type":"EntryPoint","urlTemplate":"http:\/\/ladental.com.ar\/?s={search_term_string}"},"query-input":{"@type":"PropertyValueSpecification","valueRequired":true,"valueName":"search_term_string"}}],"inLanguage":"en-GB"},{"@type":"Organization","@id":"http:\/\/ladental.com.ar\/#organization","name":"LA DENTAL SRL","url":"http:\/\/ladental.com.ar\/","logo":{"@type":"ImageObject","inLanguage":"en-GB","@id":"http:\/\/ladental.com.ar\/#\/schema\/logo\/image\/","url":"https:\/\/ladental.com.ar\/wp-content\/uploads\/2021\/10\/logocolor.png","contentUrl":"https:\/\/ladental.com.ar\/wp-content\/uploads\/2021\/10\/logocolor.png","width":1276,"height":829,"caption":"LA DENTAL SRL"},"image":{"@id":"http:\/\/ladental.com.ar\/#\/schema\/logo\/image\/"}}]}</script>
<!-- / Yoast SEO plugin. -->

Curso Retratamiento en la Clínica Diaria - LA DENTAL

Nueva edición í con el Od. Carlos Garcia Puente y el Od. Alejandro Jaime. ¿Querés estar presente en la próxima edición?. Será el día . Te compartimos el temario del curso para que estés al tanto de todo TEMARIO: Éxitos y Fracasos Diagnostico en Retratamiento Estrategia y planificación. Acceso cameral Rectificación Conductos omitidos Ultrasonido Acceso [&hellip;]
